{"id":1529,"date":"2023-05-03T22:42:57","date_gmt":"2023-05-03T19:42:57","guid":{"rendered":"https:\/\/optometrija.lv\/?page_id=1529"},"modified":"2024-01-10T12:42:37","modified_gmt":"2024-01-10T09:42:37","slug":"iestaties-looa","status":"publish","type":"page","link":"https:\/\/optometrija.lv\/?page_id=1529","title":{"rendered":"Iest\u0101ties LOOA"},"content":{"rendered":"\n<p><\/p>\n\n\n\n<h2 class=\"wp-block-heading has-medium-font-size\">Iesniegums<\/h2>\n\n\n\n<p>Saska\u0146\u0101 ar asoci\u0101cijas stat\u016btiem jaunu asoci\u0101cijas biedru uz\u0146em\u0161anas k\u0101rt\u012bba ir noteikta sekojo\u0161i:<\/p>\n\n\n\n<p>Par biedru var k\u013c\u016bt optometristi, opti\u0137i un citas ar prim\u0101r\u0101s redzes apr\u016bpes nozari saist\u012btas personas. Persona, kura v\u0113las k\u013c\u016bt par Biedr\u012bbas biedru, valdei iesniedz&nbsp;<strong>noteiktas formas rakstisku iesniegumu<\/strong>, kur apliecina, ka ir iepazinusies ar Biedr\u012bbas stat\u016btiem, ap\u0146emas tos iev\u0113rot, k\u0101 ar\u012b sekm\u0113t Biedr\u012bbas m\u0113r\u0137u un uzdevumu \u012bsteno\u0161anu.<\/p>\n\n\n\n<p>L\u0113mumu par biedra uz\u0146em\u0161anu Biedr\u012bb\u0101 pie\u0146em valde.&nbsp;<strong>Valdei pieteic\u0113ja l\u016bgums ir j\u0101izskata tuv\u0101k\u0101s s\u0113des laik\u0101<\/strong>, ta\u010du ne ilg\u0101k k\u0101 \u010detru ned\u0113\u013cu laik\u0101 no visu nepiecie\u0161amo dokumentu sa\u0146em\u0161anas br\u012b\u017ea.<\/p>\n\n\n\n<p><strong><a href=\"https:\/\/optometrija.lv\/wp-content\/uploads\/2023\/05\/Biedra_iestasanas_iesniegums_2022.pdf\">Biedra iest\u0101\u0161an\u0101s iesniegums<\/a><\/strong><\/p>\n\n\n\n<p>Aizpild\u012btais, parakst\u012btais un iesken\u0113tais iesniegums PDF form\u0101 ir j\u0101nos\u016bta uz e-pastu&nbsp;<strong>looasociacija@gmail.com.<\/strong><\/p>\n\n\n\n<p>.<\/p>\n\n\n\n<h2 class=\"wp-block-heading has-medium-font-size\">Biedra naudas maks\u0101jumi<\/h2>\n\n\n\n<p>Inform\u0101cija par biedra naudas maks\u0101jumiem (kop\u0161 2022. gada):<\/p>\n\n\n\n<p>LOOA biedra maks\u0101jums (reizi gad\u0101) <strong>30 EUR<\/strong><\/p>\n\n\n\n<p>LOOA biedra maks\u0101jums studentam (reizi gad\u0101) <strong>10 EUR<\/strong><\/p>\n\n\n\n<p>LOOA biedra statusa atjauno\u0161ana <strong>10 EUR<\/strong><\/p>\n\n\n\n<p><\/p>\n\n\n\n<p class=\"has-black-color has-text-color\"><strong>Rekviz\u012bti:<\/strong><\/p>\n\n\n\n<p>Nosaukums: Latvijas Optometristu un opti\u0137u asoci\u0101cija<\/p>\n\n\n\n<p>Re\u0123istr\u0101cijas numurs: 40008029786<\/p>\n\n\n\n<p>Banka: Swedbank, konta numurs LV63HABA0551024631742<\/p>\n\n\n\n<p>Piez\u012bm\u0113s j\u0101nor\u0101da, par kuru biedru tiek maks\u0101ts un par k\u0101du periodu tiek maks\u0101ts.<\/p>\n\n\n\n<p><em>Piem\u0113rs: \u201eP\u0113teris Ac\u012btis, biedra nauda par 2023. gadu EUR 30\u201d<\/em><\/p>\n","protected":false},"excerpt":{"rendered":"<p>Iesniegums Saska\u0146\u0101 ar asoci\u0101cijas stat\u016btiem jaunu asoci\u0101cijas biedru uz\u0146em\u0161anas k\u0101rt\u012bba ir noteikta sekojo\u0161i: Par biedru var k\u013c\u016bt optometristi, opti\u0137i un citas ar prim\u0101r\u0101s redzes apr\u016bpes nozari saist\u012btas personas. Persona, kura &#8230;<\/p>\n","protected":false},"author":2,"featured_media":0,"parent":0,"menu_order":0,"comment_status":"closed","ping_status":"closed","template":"","meta":{"footnotes":""},"class_list":["post-1529","page","type-page","status-publish","hentry"],"_links":{"self":[{"href":"https:\/\/optometrija.lv\/index.php?rest_route=\/wp\/v2\/pages\/1529","targetHints":{"allow":["GET"]}}],"collection":[{"href":"https:\/\/optometrija.lv\/index.php?rest_route=\/wp\/v2\/pages"}],"about":[{"href":"https:\/\/optometrija.lv\/index.php?rest_route=\/wp\/v2\/types\/page"}],"author":[{"embeddable":true,"href":"https:\/\/optometrija.lv\/index.php?rest_route=\/wp\/v2\/users\/2"}],"replies":[{"embeddable":true,"href":"https:\/\/optometrija.lv\/index.php?rest_route=%2Fwp%2Fv2%2Fcomments&post=1529"}],"version-history":[{"count":7,"href":"https:\/\/optometrija.lv\/index.php?rest_route=\/wp\/v2\/pages\/1529\/revisions"}],"predecessor-version":[{"id":1949,"href":"https:\/\/optometrija.lv\/index.php?rest_route=\/wp\/v2\/pages\/1529\/revisions\/1949"}],"wp:attachment":[{"href":"https:\/\/optometrija.lv\/index.php?rest_route=%2Fwp%2Fv2%2Fmedia&parent=1529"}],"curies":[{"name":"wp","href":"https:\/\/api.w.org\/{rel}","templated":true}]}}