{"id":1531,"date":"2023-05-03T22:44:08","date_gmt":"2023-05-03T19:44:08","guid":{"rendered":"https:\/\/optometrija.lv\/?page_id=1531"},"modified":"2024-01-10T12:49:09","modified_gmt":"2024-01-10T09:49:09","slug":"etikas-kodekss","status":"publish","type":"page","link":"https:\/\/optometrija.lv\/?page_id=1531","title":{"rendered":"\u0112tikas kodekss"},"content":{"rendered":"\n<p class=\"has-text-align-center has-black-color has-text-color has-link-color wp-elements-346d7d4cc7ef91057bc58d2104feed0d\"><strong>LATVIJAS OPTOMETRISTU, OPTOMETRISTA ASISTENTU UN OPTI\u0136U \u0112TIKAS KODEKSS<\/strong><br>(ar pied\u0101v\u0101tajiem groz\u012bjumiem 18.02.2020)<\/p>\n\n\n\n<p class=\"has-text-align-center\"><br><em>Izdots saska\u0146\u0101 ar likuma \u201ePar reglament\u0113taj\u0101m profesij\u0101m un profesion\u0101l\u0101s kvalifik\u0101cijas atz\u012b\u0161anu\u201d 4.panta 3.punktu<\/em><\/p>\n\n\n\n<p class=\"has-text-align-left\"><em><br><\/em>Latvijas optometristu un opti\u0137u asoci\u0101cija (turpm\u0101k \u2013 LOOA) ir prim\u0101r\u0101s redzes apr\u016bpes sist\u0113m\u0101 iesaist\u012bto speci\u0101listu biedr\u012bba, kuras m\u0113r\u0137is ir veicin\u0101t Eiropas Savien\u012bbas un citiem starptautiskiem standartiem atbilsto\u0161as prim\u0101r\u0101s redzes apr\u016bpes sist\u0113mas un normat\u012bvo aktu ievie\u0161anu un uztur\u0113\u0161anu Latvij\u0101.<br>Latvijas optometristu, optometrista asistentu un opti\u0137u \u0113tikas kodekss (turpm\u0101k \u2013 \u0112tikas kodekss) ir prim\u0101r\u0101s redzes apr\u016bpes nozar\u0113 str\u0101d\u0101jo\u0161o optometristu, optometrista asistentu un opti\u0137u darb\u012bbas \u0113tisko un tikumisko principu kopums, kas izstr\u0101d\u0101ts LOOA ar nol\u016bku nodro\u0161in\u0101t kvalitat\u012bvu prim\u0101ro redzes apr\u016bpi, iev\u0113rojot profesion\u0101los standartus un visp\u0101rpie\u0146emt\u0101s mor\u0101les normas.<br>\u0112tikas kodeksa iev\u0113ro\u0161anu uzrauga \u0112tikas komisija, kas ir medic\u012bnas \u0113tikas probl\u0113mu risin\u0101\u0161anai (tai skait\u0101 ar \u0101rstniec\u012bbas personu darb\u012bbu un jaun\u0101m medic\u012bniskaj\u0101m tehnolo\u0123ij\u0101m saist\u012bt\u0101s probl\u0113mas) izveidota un LOOA biedru iev\u0113l\u0113ta komisija, kas darbojas saska\u0146\u0101 ar Latvijas Republikas likumiem, Ministru kabineta apstiprin\u0101tu paraugnolikumu, LOOA stat\u016btiem un nolikumu par LOOA \u0113tikas komisiju.<br>Optometrista, optometrista asistenta un opti\u0137a pien\u0101kums ir inform\u0113t LOOA par faktiem, kas kompromit\u0113 prim\u0101ro redzes apr\u016bpi vai sabiedr\u012bbas dro\u0161\u012bbu.<\/p>\n\n\n\n<ol class=\"wp-block-list\">\n<li>\u0112tikas pamatprincipi:<br>1.1. cie\u0146a pret katru cilv\u0113ku, vi\u0146a ties\u012bb\u0101m neatkar\u012bgi no vi\u0146a taut\u012bbas, rases, reli\u0123isk\u0101s pieder\u012bbas, vecuma, dzimuma, seksu\u0101l\u0101s orient\u0101cijas, invalidit\u0101tes, politiskiem uzskatiem un soci\u0101lekonomisk\u0101 st\u0101vok\u013ca. Kop\u0101 ar p\u0101r\u0113jo sabiedr\u012bbu optometrists, optometrista asistents un opti\u0137is ir atbild\u012bgs par sabiedr\u012bbas prim\u0101r\u0101s redzes apr\u016bpes uzlabo\u0161anu un taisn\u012bgu prim\u0101r\u0101s redzes apr\u016bpes sist\u0113mu;<br>1.2. aizsarg\u0101 un ciena pacienta (klienta) uztic\u012bbu un darbojas prim\u0101ri vi\u0146a interes\u0113s. Ja pacienta (klienta) intereses ar savu r\u012bc\u012bbu apdraud cita persona, optometrista, optometrista asistenta un opti\u0137a pirmais pien\u0101kums ir aizst\u0101v\u0113t pacienta (klienta) intereses un tikai p\u0113c tam citas personas vai sabiedr\u012bbas intereses;<br>1.3. optometrists, optometrista asistents un opti\u0137is atbild par savu profesion\u0101lo kompetenci, teor\u0113tisko un praktisko zin\u0101\u0161anu l\u012bme\u0146a cel\u0161anu, profesion\u0101l\u0101s darb\u012bbas pa\u0161v\u0113rt\u0113jumu, k\u0101 ar\u012b piedal\u0101s prim\u0101r\u0101s redzes apr\u016bpes izgl\u012bt\u012bbas un praktisk\u0101 darba standartu att\u012bst\u012b\u0161an\u0101 un nodro\u0161in\u0101\u0161an\u0101;<br>1.4. optometrists, optometrista asistents un opti\u0137is saglab\u0101 neatkar\u012bbu un neitralit\u0101ti sav\u0101 profesion\u0101laj\u0101 darb\u012bb\u0101 un l\u0113mumu pie\u0146em\u0161an\u0101, ir br\u012bvi no ietekmes un stimuliem, kas var kait\u0113t vi\u0146u profesionalit\u0101tei;<br>1.5. optometrists, optometrista asistents un opti\u0137is str\u0101d\u0101 sav\u0101 profesij\u0101 apst\u0101k\u013cos un ar tehnisko apr\u012bkojumu, kas nodro\u0161ina iesp\u0113ju kvalitat\u012bvi izpild\u012bt attiec\u012bg\u0101s profesijas standart\u0101 vai aprakst\u0101 min\u0113tos pien\u0101kumus un uzdevumus, sniedz pakalpojumus savas kompetences ietvaros;<br>1.6. optometrists, optometrista asistents un opti\u0137is savas profesion\u0101l\u0101s zin\u0101\u0161anas un iema\u0146as lieto tiesiski un god\u012bgi, neradot kait\u0113jumu cilv\u0113ka vesel\u012bbai vai dz\u012bv\u012bbai;<br>1.7. optometrists, optometrista asistents un opti\u0137is uz\u0146emas sev dele\u0123\u0113to atbild\u012bbu komandas darb\u0101 ar dal\u012btiem pien\u0101kumiem, izv\u0113rt\u0113jot savas zin\u0101\u0161anas, sp\u0113jas un kompetences robe\u017eas, t\u0101 pat atbild\u012bgi un p\u0101rdom\u0101ti dele\u0123\u0113 uzdevumus tikai person\u0101m, kas ir kompetentas un likuma k\u0101rt\u0101 dr\u012bkst izpild\u012bt konkr\u0113t\u0101s darb\u012bbas;<br>1.8. prim\u0101r\u0101 redzes apr\u016bp\u0113 iesaist\u012bto speci\u0101listu izv\u0113li nedr\u012bkst ietekm\u0113t redzes korekcijas l\u012bdzek\u013cu cena, k\u0101 ar\u012b nav pie\u013caujams pild\u012bt optikas (kl\u012bnikas) \u012bpa\u0161nieka nor\u0101d\u012bjumus par attiec\u012bgo redzes korekcijas l\u012bdzek\u013cu p\u0101rdo\u0161anu, kas var b\u016bt pretrun\u0101 \u0113tiskai un profesion\u0101lai darb\u012bbai;<br>1.9. optometristam, optometrista asistentam un opti\u0137im ir j\u0101respekt\u0113 un j\u0101aizsarg\u0101 inform\u0101cijas konfidencialit\u0101te, kas ieg\u016bta profesion\u0101lo pakalpojumu snieg\u0161anas laik\u0101 un j\u0101nodro\u0161ina, ka inform\u0101cija par indiv\u012bdu netiek atkl\u0101ta tre\u0161aj\u0101m person\u0101m bez pacienta (klienta) piekri\u0161anas, iz\u0146emot likum\u0101 noteiktos gad\u012bjumus, kad inform\u0101cija ir j\u0101sniedz;<br>1.10. optometrists, optometrista asistents un opti\u0137is veicina savas profesijas atpaz\u012bstam\u012bbu, izvair\u0101s no uzved\u012bbas vai r\u012bc\u012bbas, kas var\u0113tu apkaunot vi\u0146a profesiju vai ir pretrun\u0101 ar \u0113tikas kodeksu.<\/li>\n\n\n\n<li>Optometrists saskarsm\u0113 ar pacientiem:<br>2.1. nodro\u0161ina profesion\u0101lu prim\u0101ro redzes apr\u016bpi, atbilsto\u0161i medic\u012bnas \u0113tikas principiem;<br>2.2. prot veidot dialogu un uztur\u0113t kontaktu ar pacientu, izvair\u0101s no konflikta situ\u0101ciju veido\u0161an\u0101s, saglab\u0101jot cie\u0146pilnu attieksmi pret pacientu un sevi. R\u016bp\u0113jas par savu \u0101r\u0113jo izskatu un iev\u0113ro higi\u0113nas pamatprincipus;<br>2.3. sniedzot prim\u0101ro redzes apr\u016bpi, izv\u0113las efekt\u012bv\u0101ko un pacientam piem\u0113rot\u0101ko risin\u0101jumu, nepiecie\u0161am\u012bbas gad\u012bjum\u0101 konsult\u0113joties ar citu redzes speci\u0101listu vai \u0101rstu;<br>2.4. ciena un respekt\u0113 pacienta izv\u0113li attiec\u012bb\u0101 uz ieteikt\u0101 redzes korekcijas l\u012bdzek\u013ca veidu vai turpm\u0101ko sadarb\u012bbu, un inform\u0113, ja pacienta izv\u0113le ir pretrun\u0101 ar optometrista profesion\u0101lo p\u0101rliec\u012bbu un uz pier\u0101d\u012bjumiem balst\u012bto optometrisko praksi;<br>2.5. darb\u0101 ar b\u0113rniem sniedz vi\u0146am inform\u0101ciju saprotam\u0101 valod\u0101, \u0146emot v\u0113r\u0101 b\u0113rna vecumam atbilsto\u0161\u0101s r\u012bc\u012bbas, komunik\u0101cijas un izpratnes sp\u0113jas;<br>2.6. ja darb\u0101 ar b\u0113rnu veidojas pamatotas aizdomas un tiek konstat\u0113tas jebkura veida vardarb\u012bbas paz\u012bmes, tad prim\u0101ri v\u0113r\u0161as policij\u0101, un sekund\u0101ri b\u0113rnu ties\u012bbu aizsarg\u0101jo\u0161\u0101s instit\u016bcij\u0101s;<br>2.7. nodro\u0161ina kvalitat\u012bvu redzes p\u0101rbaudes laik\u0101 ieg\u016bt\u0101s inform\u0101cijas dokument\u0113\u0161anu un uzglab\u0101\u0161anu atbilsto\u0161i normat\u012bvajiem aktiem;<br>2.8. gad\u012bjumos, kad pacienta pilnv\u0113rt\u012bgas redzes apr\u016bpes nodro\u0161in\u0101\u0161ana vai nepiecie\u0161am\u0101 diagnostika ir \u0101rpus optometrista kompetences, pacients j\u0101nos\u016bta pie kompetenta speci\u0101lista, nododot kol\u0113\u0123a r\u012bc\u012bb\u0101 visas noder\u012bg\u0101s zi\u0146as par l\u012bdz \u0161im veiktajiem izmekl\u0113jumiem rakstisk\u0101 veid\u0101 (p\u0113c pacienta piekri\u0161anas), un izskaidrojot pacientam t\u0101l\u0101k\u0101s apr\u016bpes gaitu;<br>2.9. jebkura izplat\u012bt\u0101 profesion\u0101l\u0101 inform\u0101cija pacientiem, citiem sabiedr\u012bbas locek\u013ciem un vesel\u012bbas apr\u016bpes speci\u0101listiem ir uz pier\u0101d\u012bjumiem balst\u012bta, prec\u012bza, objekt\u012bva un nep\u0101rprotama, \u0161o inform\u0101ciju nedr\u012bkst ietekm\u0113t person\u012bgas vai komerci\u0101las intereses vai citi stimuli un pamudin\u0101jumi;<br>2.10. jebkuru neskaidr\u012bbu vai k\u013c\u016bdu gad\u012bjum\u0101 optometrists r\u012bkojas t\u0101, lai nekait\u0113tu savu kol\u0113\u0123u reput\u0101cijai un nodro\u0161in\u0101tu atv\u0113rtu, cie\u0146pilnu un objekt\u012bvu inform\u0101cijas snieg\u0161anu pacientam un, nepiecie\u0161am\u012bbas gad\u012bjum\u0101, sazin\u0101s ar citu redzes apr\u016bp\u0113 iesaist\u012bto speci\u0101listu konfidenci\u0101li;<br>2.11. r\u016bp\u0113jas par savu fizisko, emocion\u0101lo un psiholo\u0123isko vesel\u012bbu, un izvair\u0101s no kontakta ar pacientiem slim\u012bbas, emocion\u0101la nenotur\u012bguma vai r\u012bc\u012bbsp\u0113ju ietekm\u0113jo\u0161u medikamentu vai apreibino\u0161u vielu lieto\u0161anas gad\u012bjum\u0101;<br>2.12. ir ties\u012bgs pamatoti atteikties veikt redzes p\u0101rbaudi, ja pacients ir alkohola vai citu apreibino\u0161o vielu ietekm\u0113, ja pacients nerespekt\u0113 optometrista profesion\u0101lo darb\u012bbu, k\u0101 ar\u012b gad\u012bjumos, ja optometrists izj\u016bt fizisku vai seksu\u0101lu apdraud\u0113jumu;<br>2.13. nepiecie\u0161am\u012bbas gad\u012bjum\u0101 nodro\u0161ina pacientam neatliekam\u0101s medic\u012bnisk\u0101s pal\u012bdz\u012bbas pas\u0101kumus atbilsto\u0161i normat\u012bvajiem aktiem;<br>2.14. iesaistoties zin\u0101tniskos vai kl\u012bniskos p\u0113t\u012bjumos, kuros tiek p\u0113t\u012bti cilv\u0113ki vai identific\u0113jami cilv\u0113ka biolo\u0123iskie materi\u0101li un dati, ir j\u0101iev\u0113ro Helsinku deklar\u0101cija;<br>2.15. optometrists nav ties\u012bgs patst\u0101v\u012bgi praktiz\u0113t bez der\u012bga \u0101rstniec\u012bbas personas sertifik\u0101ta. Sertifik\u0101tam, kas apstiprina optometrista kvalifik\u0101ciju un at\u013cauju str\u0101d\u0101t ar pacientu, j\u0101b\u016bt novietotam redzam\u0101 prakses viet\u0101.<\/li>\n\n\n\n<li>Optometrista asistenti un opti\u0137i saskarsm\u0113 ar klientiem:<br>3.1. nodro\u0161ina ar prim\u0101ro redzes apr\u016bpi saist\u012btus pakalpojumus, atbilsto\u0161i medic\u012bnas \u0113tikas principiem;<br>3.2. prot veidot dialogu un uztur\u0113t kontaktu ar klientu, izvair\u0101s no konflikta situ\u0101ciju veido\u0161an\u0101s, saglab\u0101jot cie\u0146pilnu attieksmi pret klientu un sevi. R\u016bp\u0113jas par savu \u0101r\u0113jo izskatu un iev\u0113ro higi\u0113nas pamatprincipus;<br>3.3. jebkuru neskaidr\u012bbu vai k\u013c\u016bdu gad\u012bjum\u0101 sazin\u0101s ar redzes apr\u016bpes proces\u0101 iesaist\u012bto specialistu konfidenci\u0101li, saglab\u0101jot klienta datu konfidencialit\u0101ti;<br>3.4. r\u016bp\u0113jas par savu fizisko, emocion\u0101lo un psiholo\u0123isko vesel\u012bbu, un izvair\u0101s no kontakta ar pacientiem slim\u012bbas, emocion\u0101la nenotur\u012bguma vai r\u012bc\u012bbsp\u0113ju ietekm\u0113jo\u0161u medikamentu vai apreibino\u0161u vielu lieto\u0161anas gad\u012bjum\u0101;<br>3.5. ir ties\u012bgs pamatoti atteikties veikt redzes p\u0101rbaudi, ja pacients ir alkohola vai citu apreibino\u0161o vielu ietekm\u0113, k\u0101 ar\u012b gad\u012bjumos, kad pacients uzvedas neadekv\u0101ti, agres\u012bvi vai optometrists izj\u016bt fizisku vai seksu\u0101lu apdraud\u0113jumu.<\/li>\n\n\n\n<li>Saskarsm\u0113 ar citiem nozares profesion\u0101\u013ciem:<br>4.1. ar cie\u0146u izturas pret saviem kol\u0113\u0123iem, nov\u0113rt\u0113jot vi\u0146u zin\u0101\u0161anas, pieredzi, prasmes un respekt\u0113jot vi\u0146u profesion\u0101lo neatkar\u012bbu;<br>4.2. nodro\u0161ina god\u012bgu konkurenci, balst\u012btu uz zin\u0101\u0161an\u0101m un pieredzi, un nep\u0101rvilina pacientus (klientus) no kol\u0113\u0123iem;<br>4.3. nesavt\u012bgi nodod savas zin\u0101\u0161anas un pieredzi kol\u0113\u0123iem, tai skait\u0101 studentiem, nodro\u0161inot profesijas p\u0113ctec\u012bbu un progresu;<br>4.4. izaugsmes nol\u016bkiem piem\u0113rotos apst\u0101k\u013cos, konfidenci\u0101li nodro\u0161ina pamatotu kritiku, kas saist\u012bta ar cita speci\u0101lista profesion\u0101lo darb\u012bbu;<br>4.5. optometrists, optometrista asistents un opti\u0137is r\u012bkojas tikai savas kompetences ietvaros.<\/li>\n\n\n\n<li>Nosl\u0113gums:<br>5.1. \u0113tikas kodekss ir saisto\u0161s prim\u0101r\u0101s redzes apr\u016bpes nozar\u0113 str\u0101d\u0101jo\u0161iem optometristiem, optometrista asistentiem, opti\u0137iem un visiem LOOA biedriem;<br>5.2. visus jaut\u0101jumus, kas saist\u012bti ar \u0112tikas kodeksa p\u0101rk\u0101pumiem, izskata Optometristu un opti\u0137u \u0113tikas komisija;<br>5.3. par \u0113tikas kodeksa p\u0101rk\u0101pumiem var piem\u0113rot \u0161\u0101das sankcijas: aizr\u0101d\u012bjumu, br\u012bdin\u0101jumu, ierosin\u0101jumu sertifik\u0101ta anul\u0113\u0161anai, ierosin\u0101jumu aptur\u0113t re\u0123istr\u0101ciju vai izsl\u0113g\u0161anu no LOOA;<br>5.4. optometristu un opti\u0137u \u0113tikas komisijas l\u0113mums ir gal\u012bgs un nav p\u0101rs\u016bdzams. Turpm\u0101k\u0101 str\u012bda risin\u0101\u0161ana notiek LR likumdo\u0161an\u0101 noteiktaj\u0101 k\u0101rt\u012bb\u0101.<\/li>\n<\/ol>\n","protected":false},"excerpt":{"rendered":"<p>LATVIJAS OPTOMETRISTU, OPTOMETRISTA ASISTENTU UN OPTI\u0136U \u0112TIKAS KODEKSS(ar pied\u0101v\u0101tajiem groz\u012bjumiem 18.02.2020) Izdots saska\u0146\u0101 ar likuma \u201ePar reglament\u0113taj\u0101m profesij\u0101m un profesion\u0101l\u0101s kvalifik\u0101cijas atz\u012b\u0161anu\u201d 4.panta 3.punktu Latvijas optometristu un opti\u0137u asoci\u0101cija (turpm\u0101k &#8230;<\/p>\n","protected":false},"author":2,"featured_media":0,"parent":0,"menu_order":0,"comment_status":"closed","ping_status":"closed","template":"","meta":{"footnotes":""},"class_list":["post-1531","page","type-page","status-publish","hentry"],"_links":{"self":[{"href":"https:\/\/optometrija.lv\/index.php?rest_route=\/wp\/v2\/pages\/1531","targetHints":{"allow":["GET"]}}],"collection":[{"href":"https:\/\/optometrija.lv\/index.php?rest_route=\/wp\/v2\/pages"}],"about":[{"href":"https:\/\/optometrija.lv\/index.php?rest_route=\/wp\/v2\/types\/page"}],"author":[{"embeddable":true,"href":"https:\/\/optometrija.lv\/index.php?rest_route=\/wp\/v2\/users\/2"}],"replies":[{"embeddable":true,"href":"https:\/\/optometrija.lv\/index.php?rest_route=%2Fwp%2Fv2%2Fcomments&post=1531"}],"version-history":[{"count":4,"href":"https:\/\/optometrija.lv\/index.php?rest_route=\/wp\/v2\/pages\/1531\/revisions"}],"predecessor-version":[{"id":1955,"href":"https:\/\/optometrija.lv\/index.php?rest_route=\/wp\/v2\/pages\/1531\/revisions\/1955"}],"wp:attachment":[{"href":"https:\/\/optometrija.lv\/index.php?rest_route=%2Fwp%2Fv2%2Fmedia&parent=1531"}],"curies":[{"name":"wp","href":"https:\/\/api.w.org\/{rel}","templated":true}]}}