{"id":1664,"date":"2023-05-08T23:03:14","date_gmt":"2023-05-08T20:03:14","guid":{"rendered":"https:\/\/optometrija.lv\/?page_id=1664"},"modified":"2023-05-31T13:03:58","modified_gmt":"2023-05-31T10:03:58","slug":"kvalifikacijas-padomes-nolikums","status":"publish","type":"page","link":"https:\/\/optometrija.lv\/?page_id=1664","title":{"rendered":"Kvalifik\u0101cijas padomes nolikums"},"content":{"rendered":"\n<h2 class=\"wp-block-heading has-medium-font-size\"><strong>1. Visp\u0101r\u012bgie jaut\u0101jumi<\/strong><\/h2>\n\n\n\n<p>1.1. Latvijas Optometristu un opti\u0137u asoci\u0101cijas (turpm\u0101k \u2013 LOOA) Kvalifik\u0101cijas padome (turpm\u0101k \u2013 Padome) ir Latvijas Optometristu un opti\u0137u asoci\u0101cijas patst\u0101v\u012bga optometristu, opti\u0137u un optometristu asistentu profesion\u0101l\u0101s uzraudz\u012bbas instit\u016bcija, kuras darb\u012bbas galvenais m\u0113r\u0137is ir r\u016bp\u0113ties par optometristu, opti\u0137u un optometrista asistentu augsta kvalifik\u0101cijas l\u012bme\u0146a uztur\u0113\u0161anu.<\/p>\n\n\n\n<p>1.2. Padome darbojas saska\u0146\u0101 ar LOOA stat\u016btiem, \u0161o Nolikumu un LR normat\u012bviem aktiem.<\/p>\n\n\n\n<h2 class=\"wp-block-heading has-medium-font-size\"><strong>2. Padomes darb\u012bbas pien\u0101kumi un ties\u012bbas<\/strong><\/h2>\n\n\n\n<p>2.1. Padomes pien\u0101kumi:<\/p>\n\n\n\n<p>2.1.1. <span style=\"font-size: revert;\">nodro\u0161in\u0101t augstu profesion\u0101l\u0101s kvalifik\u0101cijas krit\u0113riju saglab\u0101\u0161anu, kvalifik\u0101cijas uztur\u0113\u0161anu un cel\u0161anu optometristu, opti\u0137u un optometrista asistentu profesion\u0101l\u0101s darb\u012bbas nozar\u0113;<\/span><\/p>\n\n\n\n<p>2.1.2. <span style=\"font-size: revert;\">nodro\u0161in\u0101t savlaic\u012bgu un kvalitat\u012bvu optometristu, opti\u0137u un optometrista asistentu profesion\u0101l\u0101s kompetences nov\u0113rt\u0113\u0161anu;<\/span><\/p>\n\n\n\n<p>2.1.3. <span style=\"font-size: revert;\">aizst\u0101v\u0113t optometristu, opti\u0137u un optometrista asistentu intereses profesion\u0101l\u0101s kvalifik\u0101cijas jaut\u0101jumos komunik\u0101cij\u0101 ar da\u017e\u0101d\u0101m instit\u016bcij\u0101m;<\/span><\/p>\n\n\n\n<p>2.1.4. organiz\u0113t t\u0101l\u0101kizgl\u012bt\u012bbu optometristiem, opti\u0137iem un optometrista asistentiem.<\/p>\n\n\n\n<p>2.2. Padomes uzdevumi:<\/p>\n\n\n\n<p>2.2.1. <span style=\"font-size: revert;\">veikt optometristu t\u0101l\u0101kizgl\u012bt\u012bbas pas\u0101kumu satura akredit\u0101ciju saska\u0146\u0101 ar MK noteikumiem Nr. 943 \u201c\u0100rstniec\u012bbas personu sertifik\u0101cijas k\u0101rt\u012bba\u201d;<\/span><\/p>\n\n\n\n<p>2.2.2. <span style=\"font-size: revert;\">p\u0113c asoci\u0101cijas biedru un instit\u016bciju piepras\u012bjuma sniegt izzi\u0146u par diploma atbilst\u012bbu optometristu un optometrista asistentu izgl\u012bt\u012bbas pras\u012bb\u0101m, t\u0101l\u0101kizgl\u012bt\u012bbu l\u012bdz 2019. gada 31. decembrim un p\u0101rk\u0101pumiem;<\/span><\/p>\n\n\n\n<p>2.2.3. sagatavot noder\u012bgu inform\u0101ciju ievieto\u0161anai LOOA m\u0101jas lap\u0101 par optometristu, opti\u0137u un optometrista asistentu kvalifik\u0101cijas jaut\u0101jumiem.\u00a0<\/p>\n\n\n\n<p>2.3. Personu kvalifik\u0101cijas nov\u0113rt\u0113\u0161an\u0101 Padomes ties\u012bbas:<\/p>\n\n\n\n<p>2.3.1. <span style=\"font-size: revert;\">piepras\u012bt un sa\u0146emt no pretendentiem kompetences nov\u0113rt\u0113\u0161anai nepiecie\u0161amos dokumentus un inform\u0101ciju;<\/span><\/p>\n\n\n\n<p>2.3.2. iekas\u0113t maksu par izzi\u0146u izsnieg\u0161anu saska\u0146\u0101 ar LOOA apstiprin\u0101tu cenr\u0101di.<\/p>\n\n\n\n<ol class=\"wp-block-list\" type=\"1\"><\/ol>\n\n\n\n<h2 class=\"wp-block-heading has-medium-font-size\"><strong>3. Padomes sast\u0101vs<\/strong><\/h2>\n\n\n\n<p>3.1. Padomi p\u0113c LOOA valdes priek\u0161likuma darbam uz \u010detriem gadiem iev\u0113l LOOA kopsapulce.<\/p>\n\n\n\n<p>3.2. Padome iev\u0113l no sava vidus priek\u0161s\u0113d\u0113t\u0101ju un priek\u0161s\u0113d\u0113t\u0101ja vietnieku. Priek\u0161s\u0113d\u0113t\u0101js noz\u012bm\u0113 atbild\u012bgo sekret\u0101ru, kas var neb\u016bt no padomes.<\/p>\n\n\n\n<h2 class=\"wp-block-heading has-medium-font-size\"><strong>4. Padomes darba organiz\u0101cija<\/strong><\/h2>\n\n\n\n<p>4.1. Padomes darbu vada Padomes priek\u0161s\u0113d\u0113t\u0101js.<\/p>\n\n\n\n<p>4.2. Padomes priek\u0161s\u0113d\u0113t\u0101js:<\/p>\n\n\n\n<p>4.2.1. <span style=\"font-size: revert;\">organiz\u0113 Padomes darbu;<\/span><\/p>\n\n\n\n<p>4.2.2. <span style=\"font-size: revert;\">nosaka Padomes s\u0113\u017eu laiku un apstiprina to darba k\u0101rt\u012bbu;<\/span><\/p>\n\n\n\n<p>4.2.3. <span style=\"font-size: revert;\">sasauc un vada Padomes s\u0113des;<\/span><\/p>\n\n\n\n<p>4.2.4. nosaka Padomes locek\u013cu pien\u0101kumus.<\/p>\n\n\n\n<p>4.3. Padomes past\u0101v\u012bgie pien\u0101kumi tiek sadal\u012bti Padomes locek\u013cu atbild\u012bb\u0101. Nesadal\u012btie pien\u0101kumi paliek priek\u0161s\u0113d\u0113t\u0101ja atbild\u012bb\u0101.<\/p>\n\n\n\n<p>4.4. Padome var veidot darba grupas, t.sk., piesaistot ar\u012b speci\u0101listus ne no Padomes sast\u0101va specifisku darbu uzdevumu veik\u0161anai. Darba grupas atskait\u0101s par paveikto Padomei.<\/p>\n\n\n\n<p>4.5. Padomes s\u0113des tiek sasauktas ne ret\u0101k k\u0101 divas reizes gad\u0101. Padomes s\u0113des var sasaukt un vad\u012bt LOOA Prezidents. Padomes s\u0113des var sasaukt ar\u012b tr\u012bs Padomes locek\u013ci savstarp\u0113ji vienojoties.<\/p>\n\n\n\n<p>4.6. Padomes s\u0113des vada t\u0101s priek\u0161s\u0113d\u0113t\u0101js vai priek\u0161s\u0113d\u0113t\u0101ja vietnieks, vai Padomes dele\u0123\u0113ts loceklis.<\/p>\n\n\n\n<p>4.7. Padomes s\u0113de ir lemtties\u012bga, ja taj\u0101 piedal\u0101s vismaz tr\u012bs Padomes locek\u013ci. Padomes l\u0113mumi ir pie\u0146emti, ja par tiem balso vair\u0101k k\u0101 puse no kl\u0101teso\u0161ajiem Padomes locek\u013ciem. Ja par l\u0113mumu balso puse no Padomes locek\u013cu skaita, iz\u0161\u0137iro\u0161\u0101 ir Padomes priek\u0161s\u0113d\u0113t\u0101ja balss.<\/p>\n\n\n\n<p>4.8. Padomes l\u0113mumi tiek pie\u0146emti atkl\u0101ti balsojot vai elektroniski. Aizkl\u0101ta balso\u0161ana notiek, ja to pieprasa kaut viens Padomes loceklis.<\/p>\n\n\n\n<p>4.9. Padomes s\u0113des ir atkl\u0101tas, iz\u0146emot person\u0101liju apsprie\u0161anu, kad s\u0113de tiek pazi\u0146ota par sl\u0113gtu, ja to pieprasa kaut viens Padomes loceklis. Visi balsojumi par person\u0101lij\u0101m ir aizkl\u0101ti.<\/p>\n\n\n\n<p>4.10. Padome sav\u0101 darb\u012bb\u0101 izprot neietekm\u0113jam\u012bbas noz\u012bm\u012bgumu un nepie\u013cauj intere\u0161u konfliktus.<\/p>\n\n\n\n<p>4.11. Padome neizmanto proced\u016bras, kas negod\u012bgi trauc\u0113tu vai kav\u0113tu t\u0101l\u0101kizgl\u012bt\u012bbas pas\u0101kumu satura akredit\u0101ciju.<\/p>\n\n\n\n<p>4.12. Padomes s\u0113des un visi pie\u0146emtie l\u0113mumi tiek dokument\u0113ti.<\/p>\n\n\n\n<p>4.13. Padomes darba p\u0101rraudz\u012bbu veic LOOA Valde.<\/p>\n\n\n\n<p class=\"has-white-color has-text-color\">.<\/p>\n\n\n\n<p><em>Pie\u0146emts:<\/em><\/p>\n\n\n\n<p><em>LOOA Valdes s\u0113d\u0113 2023.\u00a0gada 7.\u00a0mart\u0101<\/em><\/p>\n","protected":false},"excerpt":{"rendered":"<p>1. Visp\u0101r\u012bgie jaut\u0101jumi 1.1. Latvijas Optometristu un opti\u0137u asoci\u0101cijas (turpm\u0101k \u2013 LOOA) Kvalifik\u0101cijas padome (turpm\u0101k \u2013 Padome) ir Latvijas Optometristu un opti\u0137u asoci\u0101cijas patst\u0101v\u012bga optometristu, opti\u0137u un optometristu asistentu profesion\u0101l\u0101s &#8230;<\/p>\n","protected":false},"author":2,"featured_media":0,"parent":0,"menu_order":0,"comment_status":"closed","ping_status":"closed","template":"","meta":{"footnotes":""},"class_list":["post-1664","page","type-page","status-publish","hentry"],"_links":{"self":[{"href":"https:\/\/optometrija.lv\/index.php?rest_route=\/wp\/v2\/pages\/1664","targetHints":{"allow":["GET"]}}],"collection":[{"href":"https:\/\/optometrija.lv\/index.php?rest_route=\/wp\/v2\/pages"}],"about":[{"href":"https:\/\/optometrija.lv\/index.php?rest_route=\/wp\/v2\/types\/page"}],"author":[{"embeddable":true,"href":"https:\/\/optometrija.lv\/index.php?rest_route=\/wp\/v2\/users\/2"}],"replies":[{"embeddable":true,"href":"https:\/\/optometrija.lv\/index.php?rest_route=%2Fwp%2Fv2%2Fcomments&post=1664"}],"version-history":[{"count":2,"href":"https:\/\/optometrija.lv\/index.php?rest_route=\/wp\/v2\/pages\/1664\/revisions"}],"predecessor-version":[{"id":1758,"href":"https:\/\/optometrija.lv\/index.php?rest_route=\/wp\/v2\/pages\/1664\/revisions\/1758"}],"wp:attachment":[{"href":"https:\/\/optometrija.lv\/index.php?rest_route=%2Fwp%2Fv2%2Fmedia&parent=1664"}],"curies":[{"name":"wp","href":"https:\/\/api.w.org\/{rel}","templated":true}]}}