{"id":2043,"date":"2024-02-18T22:25:29","date_gmt":"2024-02-18T19:25:29","guid":{"rendered":"https:\/\/optometrija.lv\/?page_id=2043"},"modified":"2024-02-18T22:25:29","modified_gmt":"2024-02-18T19:25:29","slug":"looa-pakalpojumu-cenradis","status":"publish","type":"page","link":"https:\/\/optometrija.lv\/?page_id=2043","title":{"rendered":"LOOA pakalpojumu cenr\u0101dis"},"content":{"rendered":"\n<p><\/p>\n\n\n\n<p class=\"has-text-align-center\"><strong>Latvijas Optometristu un opti\u0137u asoci\u0101cijas<\/strong> <strong>maksas pakalpojumu cenr\u0101dis<\/strong><\/p>\n\n\n\n<figure class=\"wp-block-table\"><table><tbody><tr><td>LOOA biedra maks\u0101jums (reizi gad\u0101)<\/td><td>30 EUR<\/td><\/tr><tr><td>LOOA biedra maks\u0101jums studentam (reizi gad\u0101)&nbsp;<\/td><td>10 EUR<\/td><\/tr><tr><td>Maksa par rekl\u0101mas stendu (1 galds) LOOA organiz\u0113t\u0101 pas\u0101kum\u0101<\/td><td>100 EUR<\/td><\/tr><tr><td>Maksa par rekl\u0101mas refer\u0101tu (20 min) LOOA organiz\u0113t\u0101 pas\u0101kum\u0101<\/td><td>100 EUR<\/td><\/tr><tr><td>Rekl\u0101mas izvieto\u0161ana LOOA m\u0101jas lap\u0101\/Facebook kont\u0101<\/td><td>50 EUR<\/td><\/tr><tr><td>Maksa par dal\u012bbu LOOA r\u012bkot\u0101 pas\u0101kum\u0101 (personai, kura nav LOOA biedrs)<\/td><td>10 EUR<\/td><\/tr><tr><td>Izzi\u0146as\/dokument\u0101cijas sagatavo\u0161ana profesion\u0101l\u0101s kvalifik\u0101cijas atz\u012b\u0161anai<\/td><td>30 EUR<\/td><\/tr><tr><td>Maksa par sertifik\u0101cijas eks\u0101menu un sertifik\u0101ta izgatavo\u0161anu*<\/td><td>59,76 EUR<\/td><\/tr><tr><td>Maksa par resertifik\u0101ciju un sertifik\u0101ta izgatavo\u0161anu*&nbsp;&nbsp;&nbsp;&nbsp;<\/td><td>48,38 EUR<\/td><\/tr><\/tbody><\/table><\/figure>\n\n\n\n<p>* saska\u0146\u0101 ar Ministru kabineta noteikumiem Nr. 672 &#8221; \u0100rstniec\u012bbas personu un \u0101rstniec\u012bbas atbalsta personu profesion\u0101lo zin\u0101\u0161anu p\u0101rbaudes un sertifik\u0101cijas maksas pakalpojumu cenr\u0101dis&#8221;<\/p>\n\n\n\n<p><\/p>\n\n\n\n<p><strong>Rekviz\u012bti<\/strong><\/p>\n\n\n\n<p>Nosaukums: Biedr\u012bba &#8220;Latvijas Optometristu un opti\u0137u asoci\u0101cija&#8221;<\/p>\n\n\n\n<p>Re\u0123istr\u0101cijas numurs: 40008029786<\/p>\n\n\n\n<p>Banka: Swedbank, konta numurs LV63HABA0551024631742<\/p>\n\n\n\n<p class=\"has-text-align-right\">Apstiprin\u0101ts: 09.12.2021.<\/p>\n","protected":false},"excerpt":{"rendered":"<p>Latvijas Optometristu un opti\u0137u asoci\u0101cijas maksas pakalpojumu cenr\u0101dis LOOA biedra maks\u0101jums (reizi gad\u0101) 30 EUR LOOA biedra maks\u0101jums studentam (reizi gad\u0101)&nbsp; 10 EUR Maksa par rekl\u0101mas stendu (1 galds) LOOA &#8230;<\/p>\n","protected":false},"author":2,"featured_media":0,"parent":0,"menu_order":0,"comment_status":"closed","ping_status":"closed","template":"","meta":{"footnotes":""},"class_list":["post-2043","page","type-page","status-publish","hentry"],"_links":{"self":[{"href":"https:\/\/optometrija.lv\/index.php?rest_route=\/wp\/v2\/pages\/2043","targetHints":{"allow":["GET"]}}],"collection":[{"href":"https:\/\/optometrija.lv\/index.php?rest_route=\/wp\/v2\/pages"}],"about":[{"href":"https:\/\/optometrija.lv\/index.php?rest_route=\/wp\/v2\/types\/page"}],"author":[{"embeddable":true,"href":"https:\/\/optometrija.lv\/index.php?rest_route=\/wp\/v2\/users\/2"}],"replies":[{"embeddable":true,"href":"https:\/\/optometrija.lv\/index.php?rest_route=%2Fwp%2Fv2%2Fcomments&post=2043"}],"version-history":[{"count":1,"href":"https:\/\/optometrija.lv\/index.php?rest_route=\/wp\/v2\/pages\/2043\/revisions"}],"predecessor-version":[{"id":2044,"href":"https:\/\/optometrija.lv\/index.php?rest_route=\/wp\/v2\/pages\/2043\/revisions\/2044"}],"wp:attachment":[{"href":"https:\/\/optometrija.lv\/index.php?rest_route=%2Fwp%2Fv2%2Fmedia&parent=2043"}],"curies":[{"name":"wp","href":"https:\/\/api.w.org\/{rel}","templated":true}]}}