{"id":3249,"date":"2026-03-02T11:17:23","date_gmt":"2026-03-02T09:17:23","guid":{"rendered":"https:\/\/optometrija.lv\/?post_type=tribe_events&#038;p=3249"},"modified":"2026-03-02T11:17:23","modified_gmt":"2026-03-02T09:17:23","slug":"bikernieku-oftalmologijas-klinikas-seminars-world-glaucoma-week-2026","status":"publish","type":"tribe_events","link":"https:\/\/optometrija.lv\/?tribe_events=bikernieku-oftalmologijas-klinikas-seminars-world-glaucoma-week-2026","title":{"rendered":"Bi\u0137ernieku Oftalmolo\u0123ijas kl\u012bnikas semin\u0101rs &#8220;World Glaucoma Week 2026&#8221;"},"content":{"rendered":"<p style=\"font-weight: 400;\">\u201cAslimn\u012bcas M\u0101c\u012bbu centrs\u201d aicina re\u0123istr\u0113ties\u00a0<strong>Austrumu slimn\u012bcas Oftalmolo\u0123ijas kl\u012bnikas semin\u0101ram \u201cWorld Glaucoma Week 2026\u201d\u00a0<\/strong>kas norisin\u0101sies\u00a0<strong>2026. gada 11<\/strong><strong>. mart\u0101 plkst.<\/strong><strong><em>\u00a0<\/em>16.00-20.10\u00a0<\/strong>\u00a0Stacion\u0101ra \u201cBi\u0137ernieki\u201d konferen\u010du z\u0101l\u0113 un Zoom platform\u0101.<\/p>\n<p style=\"font-weight: 400;\"><strong>M\u0113r\u0137auditorija<\/strong>:\u00a0oftalmologi un citu specialit\u0101\u0161u \u0101rsti, optometristi<\/p>\n<p style=\"font-weight: 400;\"><strong>Dal\u012bba pas\u0101kum\u0101:\u00a0<\/strong><\/p>\n<p style=\"font-weight: 400;\">&#8211; kl\u0101tien\u0113\u00a0(visiem dal\u012bbniekiem):<strong>\u00a0bez maksas\u00a0<\/strong><\/p>\n<p style=\"font-weight: 400;\">&#8211;\u00a0tie\u0161saist\u0113\u00a0(visiem dal\u012bbniekiem):<strong>\u00a020 EUR<\/strong><\/p>\n<p style=\"font-weight: 400;\"><strong>Par dal\u012bbu tiks pie\u0161\u0137irti\u00a04.7\u00a0TIP<\/strong><\/p>\n<p style=\"font-weight: 400;\"><strong>Programma:\u00a0<\/strong><a href=\"https:\/\/ej.uz\/6o3k\" data-saferedirecturl=\"https:\/\/www.google.com\/url?q=https:\/\/ej.uz\/6o3k&amp;source=gmail&amp;ust=1772525307649000&amp;usg=AOvVaw1pJ64brVZgbdqP0G6w8lYt\"><strong>https:\/\/ej.uz\/6o3k<\/strong><\/a><strong>\u00a0<\/strong><\/p>\n<p style=\"font-weight: 400;\"><strong>Re\u0123istr\u0101cija \u0161eit:\u00a0<\/strong><a href=\"https:\/\/forms.gle\/GVmbLmEdk7DKv1AUA\" data-saferedirecturl=\"https:\/\/www.google.com\/url?q=https:\/\/forms.gle\/GVmbLmEdk7DKv1AUA&amp;source=gmail&amp;ust=1772525307649000&amp;usg=AOvVaw3gcLm2Zr61jUiby4d3MndK\"><strong>https:\/\/forms.gle\/GVmbLmEdk7DKv1AUA<\/strong><\/a><\/p>\n<p style=\"font-weight: 400;\">T\u0101l\u0101kizgl\u012bt\u012bbas punkti tiek pie\u0161\u0137irti pas\u0101kuma dal\u012bbniekiem, kuri piesl\u0113dzoties Zoom, nor\u0101d\u012bju\u0161i visus nepiecie\u0161amos datus, k\u0101 ar\u012b tie\u0161saist\u0113 piedal\u012bju\u0161ies\u00a0<strong>visu<\/strong>\u00a0pas\u0101kuma laiku.<\/p>\n<p><img loading=\"lazy\" decoding=\"async\" class=\"alignnone size-full wp-image-3250\" src=\"https:\/\/optometrija.lv\/wp-content\/uploads\/2026\/03\/image001.png\" alt=\"\" width=\"1920\" height=\"1080\" srcset=\"https:\/\/optometrija.lv\/wp-content\/uploads\/2026\/03\/image001.png 1920w, https:\/\/optometrija.lv\/wp-content\/uploads\/2026\/03\/image001-300x169.png 300w, https:\/\/optometrija.lv\/wp-content\/uploads\/2026\/03\/image001-1024x576.png 1024w, https:\/\/optometrija.lv\/wp-content\/uploads\/2026\/03\/image001-768x432.png 768w, https:\/\/optometrija.lv\/wp-content\/uploads\/2026\/03\/image001-1536x864.png 1536w\" sizes=\"auto, (max-width: 1920px) 100vw, 1920px\" \/><\/p>\n<p style=\"font-weight: 400;\">\n","protected":false},"excerpt":{"rendered":"<p>\u201cAslimn\u012bcas M\u0101c\u012bbu centrs\u201d aicina re\u0123istr\u0113ties\u00a0Austrumu slimn\u012bcas Oftalmolo\u0123ijas kl\u012bnikas semin\u0101ram \u201cWorld Glaucoma Week 2026\u201d\u00a0kas norisin\u0101sies\u00a02026. gada 11. mart\u0101 plkst.\u00a016.00-20.10\u00a0\u00a0Stacion\u0101ra \u201cBi\u0137ernieki\u201d konferen\u010du z\u0101l\u0113 un Zoom platform\u0101. M\u0113r\u0137auditorija:\u00a0oftalmologi un citu specialit\u0101\u0161u \u0101rsti, optometristi &#8230;<\/p>\n","protected":false},"author":2,"featured_media":0,"comment_status":"open","ping_status":"closed","template":"","meta":{"_tribe_events_status":"","_tribe_events_status_reason":"","footnotes":""},"tags":[],"tribe_events_cat":[],"class_list":["post-3249","tribe_events","type-tribe_events","status-publish","hentry"],"_links":{"self":[{"href":"https:\/\/optometrija.lv\/index.php?rest_route=\/wp\/v2\/tribe_events\/3249","targetHints":{"allow":["GET"]}}],"collection":[{"href":"https:\/\/optometrija.lv\/index.php?rest_route=\/wp\/v2\/tribe_events"}],"about":[{"href":"https:\/\/optometrija.lv\/index.php?rest_route=\/wp\/v2\/types\/tribe_events"}],"author":[{"embeddable":true,"href":"https:\/\/optometrija.lv\/index.php?rest_route=\/wp\/v2\/users\/2"}],"replies":[{"embeddable":true,"href":"https:\/\/optometrija.lv\/index.php?rest_route=%2Fwp%2Fv2%2Fcomments&post=3249"}],"version-history":[{"count":1,"href":"https:\/\/optometrija.lv\/index.php?rest_route=\/wp\/v2\/tribe_events\/3249\/revisions"}],"predecessor-version":[{"id":3251,"href":"https:\/\/optometrija.lv\/index.php?rest_route=\/wp\/v2\/tribe_events\/3249\/revisions\/3251"}],"wp:attachment":[{"href":"https:\/\/optometrija.lv\/index.php?rest_route=%2Fwp%2Fv2%2Fmedia&parent=3249"}],"wp:term":[{"taxonomy":"post_tag","embeddable":true,"href":"https:\/\/optometrija.lv\/index.php?rest_route=%2Fwp%2Fv2%2Ftags&post=3249"},{"taxonomy":"tribe_events_cat","embeddable":true,"href":"https:\/\/optometrija.lv\/index.php?rest_route=%2Fwp%2Fv2%2Ftribe_events_cat&post=3249"}],"curies":[{"name":"wp","href":"https:\/\/api.w.org\/{rel}","templated":true}]}}

Biķernieku Oftalmoloģijas klīnikas seminārs &#8220;World Glaucoma Week 2026&#8221;

<p style="font-weight: 400;">“Aslimnīcas Mācību centrs” aicina reģistrēties <strong>Austrumu slimnīcas Oftalmoloģijas klīnikas semināram “World Glaucoma Week 2026” </strong>kas norisināsies <strong>2026. gada 11</strong><strong>. martā plkst.</strong><strong><em> </em>16.00-20.10 </strong> Stacionāra “Biķernieki” konferenču zālē un Zoom platformā.</p>
<p style="font-weight: 400;"><strong>Mērķauditorija</strong>: oftalmologi un citu specialitāšu ārsti, optometristi</p>
<p style="font-weight: 400;"><strong>Dalība pasākumā: </strong></p>
<p style="font-weight: 400;">&#8211; klātienē (visiem dalībniekiem):<strong> bez maksas </strong></p>
<p style="font-weight: 400;">&#8211; tiešsaistē (visiem dalībniekiem):<strong> 20 EUR</strong></p>
<p style="font-weight: 400;"><strong>Par dalību tiks piešķirti 4.7 TIP</strong></p>
<p style="font-weight: 400;"><strong>Programma: </strong><a href="https://ej.uz/6o3k" data-saferedirecturl="https://www.google.com/url?q=https://ej.uz/6o3k&amp;source=gmail&amp;ust=1772525307649000&amp;usg=AOvVaw1pJ64brVZgbdqP0G6w8lYt"><strong>https://ej.uz/6o3k</strong></a><strong> </strong></p>
<p style="font-weight: 400;"><strong>Reģistrācija šeit: </strong><a href="https://forms.gle/GVmbLmEdk7DKv1AUA" data-saferedirecturl="https://www.google.com/url?q=https://forms.gle/GVmbLmEdk7DKv1AUA&amp;source=gmail&amp;ust=1772525307649000&amp;usg=AOvVaw3gcLm2Zr61jUiby4d3MndK"><strong>https://forms.gle/GVmbLmEdk7DKv1AUA</strong></a></p>
<p style="font-weight: 400;">Tālākizglītības punkti tiek piešķirti pasākuma dalībniekiem, kuri pieslēdzoties Zoom, norādījuši visus nepieciešamos datus, kā arī tiešsaistē piedalījušies <strong>visu</strong> pasākuma laiku.</p>
<p><img loading="lazy" decoding="async" class="alignnone size-full wp-image-3250" src="https://optometrija.lv/wp-content/uploads/2026/03/image001.png" alt="" width="1920" height="1080" srcset="https://optometrija.lv/wp-content/uploads/2026/03/image001.png 1920w, https://optometrija.lv/wp-content/uploads/2026/03/image001-300x169.png 300w, https://optometrija.lv/wp-content/uploads/2026/03/image001-1024x576.png 1024w, https://optometrija.lv/wp-content/uploads/2026/03/image001-768x432.png 768w, https://optometrija.lv/wp-content/uploads/2026/03/image001-1536x864.png 1536w" sizes="auto, (max-width: 1920px) 100vw, 1920px" /></p>
<p style="font-weight: 400;">

<p>“Aslimnīcas Mācību centrs” aicina reģistrēties Austrumu slimnīcas Oftalmoloģijas klīnikas semināram “World Glaucoma Week 2026” kas norisināsies 2026. gada 11. martā plkst. 16.00-20.10  Stacionāra “Biķernieki” konferenču zālē un Zoom platformā. Mērķauditorija: oftalmologi un citu specialitāšu ārsti, optometristi &#8230;</p>
